, 17, 798293
List the prime factors of 406352185.
5, 31, 883, 2969
What are the prime factors of 454833501?
3, 1291, 117437
List the prime factors of 4470369446.
2, 31, 3203, 22511
What are the prime factors of 20383290?
2, 3, 5, 23, 43, 229
List the prime factors of 18227556.
2, 3, 89, 5689
What are the prime factors of 461351205?
3, 5, 7, 787, 1861
What are the prime factors of 114340040?
2, 5, 29, 241, 409
List the prime factors of 3054728622.
2, 3, 11, 47, 984761
List the prime factors of 929064737.
23, 40394119
List the prime factors of 442698195.
3, 5, 19, 29, 1847
List the prime factors of 49055956.
2, 61, 201049
List the prime factors of 6126365930.
2, 5, 53, 1429, 8089
What are the prime factors of 19593456?
2, 3, 408197
List the prime factors of 576825065.
5, 157, 241, 3049
What are the prime factors of 4915232?
2, 7, 21943
List the prime factors of 3767451617.
17, 221614801
What are the prime factors of 63947911?
63947911
What are the prime factors of 794337402?
2, 3, 132389567
List the prime factors of 79930320.
2, 3, 5, 41, 8123
What are the prime factors of 39241955?
5, 7848391
What are the prime factors of 5561821?
5561821
List the prime factors of 128474766.
2, 3, 7, 20809
List the prime factors of 153239433.
3, 51079811
List the prime factors of 2113144189.
13, 29, 103, 54419
What are the prime factors of 94424404?
2, 2411, 9791
List the prime factors of 718547425.
5, 569, 50513
List the prime factors of 127280144.
2, 7955009
What are the prime factors of 321459035?
5, 17, 269, 827
What are the prime factors of 802983850?
2, 5, 16059677
List the prime factors of 175906576.
2, 23, 29, 53, 311
List the prime factors of 4737163.
4737163
List the prime factors of 6193283308.
2, 1548320827
What are the prime factors of 358421214?
2, 3, 2207, 27067
List the prime factors of 127415399.
811, 157109
List the prime factors of 97695237.
3, 23, 709, 1997
List the prime factors of 3638664.
2, 3, 97, 521
What are the prime factors of 247909878?
2, 3, 17, 43, 83, 227
What are the prime factors of 324955638?
2, 3, 7, 23, 4153
What are the prime factors of 40229440?
2, 5, 125717
What are the prime factors of 124854975?
3, 5, 7, 79273
List the prime factors of 32203770.
2, 3, 5, 151, 7109
What are the prime factors of 1461851472?
2, 3, 179, 170141
What are the prime factors of 33466158?
2, 3, 11, 173, 977
List the prime factors of 203659287.
3, 13, 151, 34583
What are the prime factors of 22536989?
653, 34513
What are the prime factors of 112593776?
2, 29, 242659
What are the prime factors of 124712977?
37, 3370621
List the prime factors of 52257723.
3, 7, 31, 80273
List the prime factors of 114443322.
2, 3, 7, 55609
List the prime factors of 581360688.
2, 3, 43, 93889
List the prime factors of 219044852.
2, 13, 4212401
List the prime factors of 915138580.
2, 5, 45756929
List the prime factors of 1222535129.
1777, 687977
What are the prime factors of 184498961?
9461, 19501
List the prime factors of 822927510.
2, 3, 5, 2591, 3529
What are the prime factors of 489055253?
13147, 37199
What are the prime factors of 217065673?
11, 17, 71, 16349
List the prime factors of 1116672698.
2, 558336349
List the prime factors of 51575494.
2, 25787747
List the prime factors of 1640360941.
12377, 132533
What are the prime factors of 46458652?
2, 11614663
List the prime factors of 5217062451.
3, 107, 16252531
List the prime factors of 386739258.
2, 3, 64456543
List the prime factors of 87817649.
87817649
List the prime factors of 16770858.
2, 3, 13, 127, 1693
List the prime factors of 156813792.
2, 3, 103, 15859
What are the prime factors of 5455735?
5, 1091147
What are the prime factors of 41715014?
2, 11, 379, 5003
List the prime factors of 360082057.
293, 1228949
What are the prime factors of 44440187?
11, 41, 211, 467
List the prime factors of 72912952.
2, 7, 1302017
List the prime factors of 75391706.
2, 13, 29, 99989
List the prime factors of 64583536.
2, 239, 16889
What are the prime factors of 385808648?
2, 48226081
List the prime factors of 849286956.
2, 3, 7, 41, 246599
List the prime factors of 54502659.
3, 19, 106243
What are the prime factors of 2039437618?
2, 19, 53669411
What are the prime factors of 999795355?
5, 13, 887, 17341
List the prime factors of 536435384.
2, 67054423
What are the prime factors of 2604535967?
11, 5441, 43517
List the prime factors of 32274256.
2, 7, 127, 2269
List the prime factors of 156541620.
2, 3, 5, 2609027
What are the prime factors of 117659706?
2, 3, 47, 223, 1871
What are the prime factors of 662605223?
7, 41, 59, 109, 359
What are the prime factors of 452590326?
2, 3, 337, 74611
List the prime factors of 591499105.
5, 17, 6958813
List the prime factors of 166498030.
2, 5, 79, 419, 503
What are the prime factors of 49027931?
49027931
List the prime factors of 106831007.
106831007
What are the prime factors of 83797450?
2, 5, 11, 151, 1009
List the prime factors of 231231526.
2, 83, 433, 3217
What are the prime factors of 1024431338?
2, 7, 73, 143197
What are the prime factors of 261678644?
2, 65419661
List the prime factors of 221255657.
7, 643, 49157
What are the prime factors of 153357833?
17, 103, 87583
List the prime factors of 2266938198.
2, 3, 7, 5997191
What are the prime factors of 1119086674?
2, 559543337
What are the prime factors of 50834567?
7, 7262081
List the prime factors of 39098625.
3, 5, 41, 2543
List the prime factors of 170211334.
2, 85105667
List the prime factors of 72713602.
2, 13, 43, 5003
List the prime factors of 212498807.
37, 61, 94151
What are the prime factors of 2464605119?
613, 4020563
What are the prime factors of 305339201?
53, 461, 12497
What are the prime factors of 251095008?
2, 3, 241, 10853
List the prime factors of 448442200.
2, 5, 2242211
List the prime factors of 1058628110.
2, 5, 105862811
What are the prime factors of 56016037?
7, 11, 17, 42793
List the prime factors of 2463871035.
3, 5, 164258069
List the prime factors of 119491052.
2, 29872763
What are the prime factors of 769029170?
2, 5, 7, 13, 17, 49711
What are the prime factors of 84264546?
2, 3, 17, 29, 61, 467
What are the prime factors of 3094340888?
2, 31, 43, 79, 3673
List the prime factors of 144887426.
2, 19, 751, 5077
What are the prime factors of 3956292434?
2, 1978146217
List the prime factors of 28951375.
5, 231611
What are the prime factors of 577733409?
3, 11, 5835691
What are the prime factors of 230162588?
2, 641, 89767
What are the prime factors of 279329191?
3733, 74827
List the prime factors of 4185783019.
11, 487, 781367
List the prime factors of 394818578.
2, 7, 11, 307, 1193
What are the prime factors of 394519346?
2, 13, 1167217
What are the prime factors of 564596587?
564596587
What are the prime factors of 36703182?
2, 3, 6117197
What are the prime factors of 2355404176?
2, 397, 370813
List the prime factors of 9988776.
2, 3, 7, 19819
What are the prime factors of 81715503?
3, 27238501
List the prime factors of 32740006.
2, 13, 1259231
List the prime factors of 709241463.
3, 7, 11257801
What are the prime factors of 164999455?
5, 2377, 13883
List the prime factors of 2198159238.
2, 3, 11, 487, 68389
What are the prime factors of 107163757?
97, 1104781
What are the prime factors of 664280042?
2, 83, 1213, 3299
What are the prime factors of 35511856?
2, 2219491
What are the prime factors of 724167524?
2, 157, 223, 5171
List the prime factors of 218485570.
2, 5, 1597, 13681
List the prime factors of 211967033.
17, 79, 157831
List the prime factors of 945928143.
3, 105103127
List the prime factors of 60538978.
2, 19, 191, 439
What are the prime factors of 319654255?
5, 1499, 42649
What are the prime factors of 30719690?
2, 5, 3071969
List the prime factors of 70117901.
7, 59, 169777
What are the prime factors of 66469037?
66469037
What are the prime factors of 41620176?
2, 3, 13, 7411
List the prime factors of 2555907555.
3, 5, 170393837
List the prime factors of 4210337734.
2, 2105168867
What are the prime factors of 115856406?
2, 3, 41, 17443
List the prime factors of 1934553965.
5, 386910793
List the prime factors of 441519880.
2, 5, 47, 234851
List the prime factors of 23744252.
2, 7, 211, 4019
What are the prime factors of 69917884?
2, 23, 499, 1523
What are the prime factors of 222